i) = i**2 + 4*i - 335. What is u(-20)?
-15
Let u(g) = -8*g**3 - 2*g + 475. Calculate u(0).
475
Let d(m) = 9*m**2 - 17*m - 54. Determine d(-4).
158
Let o(a) = 79*a + 3926. Give o(-50).
-24
Let g(p) = 131*p + 2345. Give g(-18).
-13
Let x(s) = -s**2 + 100*s - 2138. What is x(69)?
1
Let o(d) = 23*d**2 - 176*d - 754. Calculate o(-3).
-19
Let g(c) = 187*c - 5232. Determine g(28).
4
Let s(w) = w**3 - 12*w**2 + 10*w - 23. Give s(13).
276
Let m(k) = -k**3 + 50*k**2 - 613*k - 74. What is m(28)?
10
Let a(t) = 2*t**3 - 9*t**2 - 136*t - 271. Calculate a(-4).
1
Let v(g) = 192*g + 4141. What is v(-23)?
-275
Let v(t) = t**3 - 12*t**2 - 67*t + 8. Determine v(16).
-40
Let m(y) = -y**2 + 11*y + 23. What is m(-3)?
-19
Let y(r) = -r**2 + 1030*r + 15704. Give y(-15).
29
Let u(i) = 28*i**2 - 10*i + 9. What is u(2)?
101
Let x(p) = p**2 + 5*p + 80. Give x(19).
536
Let r(n) = -14*n - 61. What is r(-21)?
233
Let m(s) = -75*s + 488. Give m(7).
-37
Let a(w) = -2*w**3 + 14*w**2 + 19*w - 196. Determine a(6).
-10
Let o(l) = -2*l**2 - 25*l + 107. Give o(4).
-25
Let y(g) = 3*g**3 - 19*g**2 + 3*g + 20. Calculate y(6).
2
Let k(w) = 13*w**2 + 1453*w + 1141. Determine k(-111).
31
Let w(y) = -1058*y - 31735. What is w(-30)?
5
Let w(c) = c**3 + 7*c**2 - 6*c + 12. Determine w(-8).
-4
Let f(g) = -4*g**2 - 403*g - 1214. Calculate f(-3).
-41
Let u(c) = -158*c + 840. Calculate u(5).
50
Let q(i) = -17*i + 302. Determine q(16).
30
Let z(m) = -m**2 + 48*m + 570. Calculate z(58).
-10
Let r(a) = a + 46. Determine r(68).
114
Let l(u) = -7875*u - 9. Calculate l(0).
-9
Let n(g) = -2*g**3 + 204*g**2 + 208*g - 215. Give n(103).
-9
Let a(m) = 1223*m - 11014. What is a(9)?
-7
Let w(s) = 3*s**2 + 83*s - 197. Determine w(-30).
13
Let z(r) = -r**3 + 23*r**2 + 378*r + 34. Determine z(-11).
-10
Let f(a) = -26*a**2 + 56*a - 19. Calculate f(2).
-11
Let w(d) = 19*d - 32. Determine w(-1).
-51
Let m(c) = c**3 + 96*c**2 - 188*c + 788. Determine m(-98).
4
Let u(v) = -29*v**3 + 4*v**2 + 13*v - 15. What is u(1)?
-27
Let t(r) = r**2 + 1520*r + 16605. What is t(-11)?
6
Let d(i) = -8*i**3 + 176*i**2 - 170*i + 52. What is d(21)?
10
Let h(s) = -28*s + 58. Determine h(-17).
534
Let d(z) = -z**2 - 7*z - 13. Calculate d(-6).
-7
Let s(k) = -536*k + 63. Calculate s(1).
-473
Let u(m) = -m**2 + 4516*m + 40713. What is u(-9)?
-12
Let l(x) = 2*x - 65. Determine l(16).
-33
Let v(o) = -20*o**3 - 9*o**2 - 86*o + 94. Calculate v(1).
-21
Let u(j) = 3*j**3 - 13*j**2 + 20*j - 65. Determine u(4).
-1
Let s(y) = 37*y - 691. Give s(19).
12
Let q(g) = -g**2 - 58*g - 190. Calculate q(-7).
167
Let n(i) = i**2 - 90*i + 425. Give n(5).
0
Let q(s) = -79*s**2 - 12*s + 40. What is q(2)?
-300
Let k(p) = -p**2 + 66*p - 792. Calculate k(50).
8
Let h(n) = 27*n - 190. Give h(14).
188
Let c(a) = 6*a**2 - 17*a - 12. What is c(3)?
-9
Let j(i) = -i**3 + 9*i**2 - 30*i + 21. What is j(5)?
-29
Let y(t) = -318*t + 269. Give y(0).
269
Let x(o) = -o**3 - 8*o**2 - 5*o + 19. What is x(-7)?
5
Let f(c) = -40*c - 885. Determine f(-22).
-5
Let r(d) = d**3 - 29*d**2 - 92*d - 13. Determine r(32).
115
Let r(d) = d**3 + 16*d**2 - 119*d - 2054. Calculate r(-14).
4
Let v(p) = 757*p - 4540. Calculate v(6).
2
Let o(t) = 9*t + 72. Give o(23).
279
Let t(s) = 211*s - 642. What is t(3)?
-9
Let z(x) = -2*x**2 + 57*x - 221. Give z(26).
-91
Let d(v) = -679*v - 63824. Calculate d(-94).
2
Let w(z) = 416*z - 64051. Determine w(154).
13
Let z(p) = -2*p**2 - 38*p - 132. Determine z(-14).
8
Let k(g) = 57*g - 3785. What is k(66)?
-23
Let h(l) = -l**3 - 34*l**2 + 3*l - 61. Determine h(-34).
-163
Let j(g) = -54*g**3 - 377*g**2 + 8*g - 2. Give j(-7).
-9
Let o(a) = 3*a**3 + 38*a**2 - 78*a + 402. Calculate o(-15).
-3
Let t(k) = -37*k**3 - 223*k**2 - 7*k + 3. Determine t(-6).
9
Let k(a) = -a**3 - 13*a**2 - 47*a - 30. Calculate k(-7).
5
Let d(h) = 181*h - 536. What is d(3)?
7
Let k(i) = i**3 - 24*i**2 + 50*i - 45. Determine k(22).
87
Let l(y) = y**3 - y**2 - 33*y - 4. Determine l(6).
-22
Let a(x) = -13*x - 791. Give a(-66).
67
Let x(z) = 3*z**2 - 57*z - 625. What is x(25)?
-175
Let i(d) = -17*d**2 + 7*d + 3. Calculate i(1).
-7
Let a(j) = j**3 + 130*j**2 + 129*j - 51. Give a(-129).
-51
Let l(f) = 3*f**3 + 86*f**2 + 26*f - 807. Calculate l(-28).
33
Let m(d) = d**2 + 25*d + 69. Calculate m(-21).
-15
Let v(n) = -2*n**3 + 66*n**2 - 125*n - 2. Determine v(2).
-4
Let d(b) = -5*b**2 + 38*b + 74. What is d(-3)?
-85
Let p(r) = -r**3 + 34*r**2 - 68*r + 136. Give p(32).
8
Let c(p) = -p**3 + 55*p**2 + 290*p - 53. Determine c(-5).
-3
Let w(a) = -a**3 - 32*a**2 - 22*a + 340. Give w(-31).
61
Let v(i) = -2*i**3 - 9*i**2 - 78*i - 309. What is v(-4)?
-13
Let k(q) = q**2 - 26*q - 148. Calculate k(30).
-28
Let z(p) = -p**2 + 20*p + 62. Calculate z(24).
-34
Let y(z) = -3*z**2 + 24*z + 29. Give y(9).
2
Let q(g) = -24*g + 1715. Give q(89).
-421
Let n(v) = -v**3 - 5*v**2 - 40*v - 297. What is n(-6)?
-21
Let z(p) = p**2 + 182*p - 739. Calculate z(4).
5
Let n(v) = 19*v**2 - 192*v - 18. Determine n(11).
169
Let n(t) = -51*t + 3673. What is n(66)?
307
Let g(y) = -71*y + 665. Determine g(10).
-45
Let s(k) = -66*k**2 + 45*k - 2. What is s(1)?
-23
Let x(q) = -q**2 - 46*q - 97. Determine x(-44).
-9
Let y(s) = s**2 + 47*s + 340. What is y(-8)?
28
Let v(z) = -263*z - 9211. What is v(-35)?
-6
Let x(d) = d**3 + 24*d**2 + 137*d + 1551. Give x(-21).
-3
Let v(o) = -6*o**2 - 11*o + 7. Calculate v(-8).
-289
Let k(m) = -10778*m + 86237. Give k(8).
13
Let r(n) = -235*n + 5410. Give r(23).
5
Let r(j) = -j**3 - 12*j**2 + 16*j + 20. Give r(-13).
-19
Let t(g) = g**3 + 214*g**2 + 11452*g + 314. What is t(-107)?
-7
Let v(z) = -881*z + 902. Determine v(1).
21
Let b(a) = -273*a + 1080. Calculate b(4).
-12
Let c(i) = -177*i + 1919. Determine c(11).
-28
Let p(l) = -l**2 - 236*l - 1793. Determine p(-8).
31
Let f(l) = -1331*l + 20006. Give f(15).
41
Let y(o) = 10*o**2 + 332*o + 2569. What is y(-21)?
7
Let n(g) = -g**3 + 17*g**2 + 65*g - 94. What is n(20)?
6
Let d(l) = l**3 + 116*l**2 + 229*l + 113. Determine d(-114).
-1
Let m(f) = 498*f**3 + 13*f**2 + 7*f - 5. What is m(-1)?
-497
Let v(j) = 6*j**3 - 12*j**2 - 26*j - 2. Give v(-2).
-46
Let d(m) = m**2 + 48*m - 119. Give d(-47).
-166
Let o(c) = c**3 + 3*c**2 - 56*c - 210. Give o(-4).
-2
Let i(n) = 8*n + 72. Calculate i(-12).
-24
Let d(y) = -y**3 - 4*y**2 - 428*y - 2643. What is d(-6)?
-3
Let x(u) = u**2 - 22*u + 96. Determine x(7).
-9
Let b(w) = -2163*w + 2120. Determine b(1).
-43
Let h(x) = -3277*x - 13100. Give h(-4).
8
Let d(g) = -4*g**2 - 61*g - 162. Give d(-3).
-15
Let p(w) = -w**2 - 488*w + 2448. What is p(5)?
-17
Let y(r) = r**2 - 17*r - 263. Calculate y(30).
127
Let a(q) = -q**3 + 24*q**2 + 13*q - 154. Give a(24).
158
Let a(b) = 3*b**3 + 33*b**2 - 47*b - 98. What is a(-12)?
34
Let g(o) = -120*o + 1546. Calculate g(13).
-14
Let o(q) = q**2 - 39*q - 45. What is o(43)?
127
Let c(o) = 2*o**3 - 41*o**2 + 8*o - 558. Determine c(21).
51
Let v(a) = 4*a**3 - 51*a**2 - 3*a - 143. Determine v(13).
-13
Let m(o) = 4*o - 9. Determine m(11).
35
Let b(w) = -w**3 + 18*w**2 - 100*w + 82. What is b(6)?
-86
Let o(g) = -g**3 - 54*g**2 + 2*g + 113. Calculate o(-54).
5
Let t(l) = -l**3 + 7*l**2 + 121*l - 25. Determine t(15).
-10
Let s(l) = -7*l**2 + 6*l + 25. Calculate s(4).
-63
Let q(d) = d**3 + 41*d**2 + 57*d - 802. Calculate q(-39).
17
Let u(p) = -40*p**3 - 3*p**2 + 15*p + 16. What is u(-1)?
38
Let i(y) = -4*y**2 + 32*y - 29. Determine i(5).
31
Let x(f) = 2*f**3 + 8*f**2 - 23*f - 129. What is x(-4)?
-37
Let l(k) = 4*k**2 + 212*k + 66. Give l(-53).
66
Let v(n) = -n**3 + 10*n**2 - 8*n + 213. What is v(11)?
4
Let f(b) = b**3 - 148*b**2 + 441*b - 881. Give f(145).
-11
Let k(o) = -1740*o + 8703. What is k(5)?
3
Let o(y) = -y**3 + 68*y**2 + 85*y - 1103. What is o(69)?
1
Let c(j) = -j**2 + 46*j - 286. What is c(52)?
-598
Let h(a) = a**3 - 4*a**2 - 4*a - 6. Determine h(-3).
-57
Let r(w) = -w**2 - 3*w + 164. Determine r(11).
10
Let c(n) = -93*n - 1015. Give c(-11).
8
Let m(y) = -y**3 - 40*y**2 + 2099*y - 69. Determine m(-70).
1
Let t(c) = c**2 + 107*c + 29. Determine t(0).
29
Let p(o) = 40*o - 779. What is p(22)?
101
Let o(k) = 3*k**2 + 6*k - 322. Give o(-13).
107
Let s(h) = h**2 + 61*h + 31. Calculate s(-9).
-437
Let c(s) = s**3 + 28*s**2 + 78*s - 14. Calculate c(-23).
837
Let b(o) = 2*o**2 - 46*o + 81. Determine b(